igit of 2854567?
7
What is the hundreds digit of 4417974?
9
What is the hundreds digit of 716144?
1
What is the hundred thousands digit of 680441?
6
What is the hundred thousands digit of 1772435?
7
What is the units digit of 10755544?
4
What is the thousands digit of 2304384?
4
What is the hundreds digit of 120642?
6
What is the units digit of 422176?
6
What is the hundreds digit of 35940?
9
What is the hundreds digit of 93591?
5
What is the tens digit of 1567020?
2
What is the ten thousands digit of 138356?
3
What is the units digit of 1448814?
4
What is the units digit of 3037234?
4
What is the hundreds digit of 8455876?
8
What is the units digit of 301799?
9
What is the thousands digit of 302325?
2
What is the tens digit of 729806?
0
What is the thousands digit of 31527425?
7
What is the hundreds digit of 16230437?
4
What is the thousands digit of 4018352?
8
What is the hundreds digit of 287771?
7
What is the ten thousands digit of 104417?
0
What is the hundred thousands digit of 414558?
4
What is the units digit of 47320?
0
What is the hundreds digit of 8789991?
9
What is the units digit of 1673608?
8
What is the tens digit of 23983?
8
What is the thousands digit of 8162408?
2
What is the millions digit of 4077538?
4
What is the tens digit of 485404?
0
What is the millions digit of 2335369?
2
What is the ten thousands digit of 88358?
8
What is the thousands digit of 341651?
1
What is the units digit of 48648?
8
What is the ten thousands digit of 88932?
8
What is the millions digit of 6343801?
6
What is the tens digit of 4499706?
0
What is the hundreds digit of 5148723?
7
What is the hundred thousands digit of 896560?
8
What is the units digit of 3594163?
3
What is the thousands digit of 1231420?
1
What is the ten thousands digit of 515299?
1
What is the tens digit of 3783378?
7
What is the hundreds digit of 39872589?
5
What is the ten thousands digit of 74236?
7
What is the ten millions digit of 16021368?
1
What is the tens digit of 46714?
1
What is the ten thousands digit of 4907117?
0
What is the hundreds digit of 302891?
8
What is the units digit of 188009?
9
What is the hundreds digit of 418211?
2
What is the ten thousands digit of 1178967?
7
What is the thousands digit of 5366128?
6
What is the hundreds digit of 2389336?
3
What is the tens digit of 607980?
8
What is the ten thousands digit of 222881?
2
What is the hundred thousands digit of 5349121?
3
What is the hundred thousands digit of 587833?
5
What is the thousands digit of 28560458?
0
What is the units digit of 6544106?
6
What is the units digit of 240046?
6
What is the millions digit of 1075875?
1
What is the thousands digit of 843619?
3
What is the tens digit of 239150?
5
What is the ten thousands digit of 10984679?
8
What is the tens digit of 150700?
0
What is the hundreds digit of 40519?
5
What is the hundreds digit of 296396?
3
What is the ten thousands digit of 1316811?
1
What is the units digit of 387667?
7
What is the tens digit of 69029?
2
What is the hundreds digit of 192939?
9
What is the units digit of 3247785?
5
What is the hundreds digit of 7017424?
4
What is the millions digit of 11543861?
1
What is the tens digit of 673808?
0
What is the hundreds digit of 2839677?
6
What is the units digit of 3962669?
9
What is the hundred thousands digit of 2134092?
1
What is the units digit of 287176?
6
What is the hundreds digit of 3276324?
3
What is the millions digit of 1929719?
1
What is the hundreds digit of 4639922?
9
What is the hundreds digit of 15275149?
1
What is the thousands digit of 449622?
9
What is the units digit of 7245403?
3
What is the tens digit of 1273886?
8
What is the ten thousands digit of 509877?
0
What is the millions digit of 25122637?
5
What is the thousands digit of 2594437?
4
What is the ten thousands digit of 3475018?
7
What is the thousands digit of 530258?
0
What is the millions digit of 13593284?
3
What is the millions digit of 2435840?
2
What is the ten thousands digit of 4149718?
4
What is the ten thousands digit of 232080?
3
What is the thousands digit of 19871858?
1
What is the tens digit of 770368?
6
What is the thousands digit of 17232247?
2
What is the units digit of 352137?
7
What is the hundred thousands digit of 1784045?
7
What is the hundreds digit of 27955016?
0
What is the hundreds digit of 961416?
4
What is the tens digit of 509476?
7
What is the tens digit of 107775?
7
What is the thousands digit of 4505886?
5
What is the tens digit of 269168?
6
What is the tens digit of 9529978?
7
What is the thousands digit of 4240836?
0
What is the hundred thousands digit of 2572218?
5
What is the millions digit of 6145574?
6
What is the tens digit of 1169290?
9
What is the thousands digit of 1141655?
1
What is the thousands digit of 1225814?
5
What is the hundred thousands digit of 135855?
1
What is the ten millions digit of 19586762?
1
What is the units digit of 728937?
7
What is the units digit of 644177?
7
What is the hundred thousands digit of 4847956?
8
What is the ten millions digit of 10313633?
1
What is the hundreds digit of 286487?
4
What is the ten thousands digit of 246713?
4
What is the thousands digit of 311895?
1
What is the tens digit of 19530377?
7
What is the hundred thousands digit of 825466?
8
What is the tens digit of 6591840?
4
What is the thousands digit of 2694588?
4
What is the thousands digit of 89742?
9
What is the hundred thousands digit of 9045133?
0
What is the thousands digit of 158752?
8
What is the tens digit of 624710?
1
What is the hundred thousands digit of 14593831?
5
What is the tens digit of 9395940?
4
What is the hundreds digit of 7424?
4
What is the ten thousands digit of 31328179?
2
What is the units digit of 14488266?
6
What is the units digit of 608101?
1
What is the tens digit of 1668926?
2
What is the millions digit of 1668548?
1
What is the hundred thousands digit of 8625969?
6
What is the thousands digit of 109332?
9
What is the hundred thousands digit of 179529?
1
What is the hundred thousands digit of 748788?
7
What is the ten thousands digit of 1865124?
6
What is the hundreds digit of 2854628?
6
What is the tens digit of 573702?
0
What is the tens digit of 130246?
4
What is the units digit of 13108717?
7
What is the ten thousands digit of 1106274?
0
What is the millions digit of 2965962?
2
What is the tens digit of 6933796?
9
What is the tens digit of 10846726?
2
What is the ten thousands digit of 86556?
8
What is the hundred thousands digit of 564435?
5
What is the units digit of 1012095?
5
What is the thousands digit of 1922878?
2
What is the hundreds digit of 2972531?
5
What is the hundreds digit of 74971?
9
What is the ten millions digit of 11260233?
1
What is the hundred thousands digit of 1736286?
7
What is the tens digit of 449184?
8
What is the hundred thousands digit of 6222610?
2
What is the thousands digit of 1032883?
2
What is the units digit of 11735785?
5
What is the hundreds digit of 1819278?
2
What is the hundreds digit of 167493?
4
What is the hundreds digit of 1479559?
5
What is the hundreds digit of 6319?
3
What is the ten thousands digit of 216798?
1
What is the hundreds digit of 5497346?
3
What is the hundreds digit of 321700?
7
What is the hundred thousands digit of 6770376?
7
What is the thousands digit of 9620525?
0
What is the hundreds digit of 955885?
8
What is the tens digit of 4714152?
5
What is the hundred thousands digit of 3493985?
4
What is the tens digit of 203330?
3
What is the thousands digit of 5248338?
8
What is the ten millions digit of 10479067?
1
What is the hundred thousands digit of 226657?
2
What is the units digit of 3352996?
6
What is the units digit of 8829607?
7
What is the millions digit of 9508072?
9
What is the tens digit of 1912765?
6
What is the hundreds digit of 231425?
4
What is the hundred thousands digit of 2712215?
7
What is the hundreds digit of 459859?
8
What is the ten thousands digit of 18129289?
2
What is the units digit of 6709176?
6
What is the thousands digit of 17149288?
9
What is the tens digit of 453548?
4
What is the units digit of 1176815?
5
What is the thousands digit of 454598?
4
What is the hundreds digit of 204512?
5
What is the hundred thousands digit of 201659?
2
What is the hundreds digit of 1340262?
2
What is 